{"id":10,"date":"2021-10-24T11:37:00","date_gmt":"2021-10-24T11:37:00","guid":{"rendered":"https:\/\/balint.fi\/?page_id=10"},"modified":"2024-05-17T16:21:37","modified_gmt":"2024-05-17T16:21:37","slug":"ota-yhteytta","status":"publish","type":"page","link":"https:\/\/balint.fi\/index.php\/ota-yhteytta\/","title":{"rendered":"Balint-yhdistyksen hallitus"},"content":{"rendered":"\n<h3 class=\"wp-block-heading\">Balint-yhdistyksen hallitus 2023-24<\/h3>\n\n\n\n<p><strong>Markku Timonen<\/strong>, puheenjohtaja<br>Oulu, 040 512 3146 <a href=\"mailto:markku.timonen@oulu.fi\">markku.timonen@oulu.fi<\/a><\/p>\n\n\n\n<p><strong>Sara Sarjakoski-Peltola,<\/strong> varapuheenjohtaja<br>Salo, 040 7476260 <a href=\"mailto:sara.sarjakoski-peltola@fimnet.fi\">sara.sarjakoski-peltola@fimnet.fi<\/a><\/p>\n\n\n\n<p><strong>Kukka-Maaria Aranko<\/strong>, sihteeri<br>Hyvink\u00e4\u00e4, <a href=\"mailto:arankomaaria@gmail.com\">arankomaaria@gmail.com<\/a><\/p>\n\n\n\n<p><strong>Martina Torppa<\/strong>, kansainv\u00e4listen asioiden yhteyshenkil\u00f6<br>Helsinki, 040 512 3146 <a href=\"mailto:martina.torppa@helsinki.fi\">martina.torppa@helsinki.fi<\/a><\/p>\n\n\n\n<p><strong>Petri Karttunen<\/strong><br>Oulu, 040 8251183 <a href=\"mailto:petri.karttunen@mehilainen.fi\">petri.karttunen@mehilainen.fi<\/a><\/p>\n\n\n\n<p><strong>Marja Kyl\u00e4-Utsuri<\/strong><br>Salonojankatu 11, 24260 Salo<br>040 727 1990 <a href=\"mailto:marja.kyla-utsuri@fimnet.fi\">marja.kyla-utsuri@fimnet.fi<\/a><\/p>\n\n\n\n<p><strong>Marianne Riekki<\/strong><br>Oulu, <a href=\"mailto:marianne.riekki@oulu.fi\">marianne.riekki@oulu.fi<\/a><\/p>\n\n\n\n<p><strong>Anna-Maija Salmi<\/strong><br>Kontioniementie 14, 80770 Kontiolahti<br>040 5519750 <a href=\"mailto:anna-maija.salmi@pkssk.fi\">anna-maija.salmi@pkssk.fi<\/a><\/p>\n\n\n\n<hr class=\"wp-block-separator has-css-opacity is-style-dots\"\/>\n\n\n\n<h3 class=\"wp-block-heading\">Viron Balint-toiminnan yhteyshenkil\u00f6<\/h3>\n\n\n\n<p><strong>Irmeli Laurila<\/strong><br>Alkutie 83 A, 00660 Helsinki<br>040 5500427 <a href=\"mailto:irmeli.laurila@fimnet.fi\">irmeli.laurila@fimnet.fi<\/a><\/p>\n","protected":false},"excerpt":{"rendered":"<p>Balint-yhdistyksen hallitus 2023-24 Markku Timonen, puheenjohtajaOulu, 040 512 3146 markku.timonen@oulu.fi Sara Sarjakoski-Peltola, varapuheenjohtajaSalo, 040 7476260 sara.sarjakoski-peltola@fimnet.fi Kukka-Maaria Aranko, sihteeriHyvink\u00e4\u00e4, arankomaaria@gmail.com Martina Torppa, kansainv\u00e4listen asioiden yhteyshenkil\u00f6Helsinki, 040 512 3146 martina.torppa@helsinki.fi Petri KarttunenOulu, 040 8251183 petri.karttunen@mehilainen.fi Marja Kyl\u00e4-UtsuriSalonojankatu 11, 24260 Salo040 727 1990 marja.kyla-utsuri@fimnet.fi Marianne RiekkiOulu, marianne.riekki@oulu.fi Anna-Maija SalmiKontioniementie 14, 80770 Kontiolahti040 5519750 anna-maija.salmi@pkssk.fi Viron Balint-toiminnan yhteyshenkil\u00f6&#8230;<\/p>\n","protected":false},"author":2,"featured_media":0,"parent":0,"menu_order":0,"comment_status":"closed","ping_status":"closed","template":"","meta":{"footnotes":""},"class_list":["post-10","page","type-page","status-publish","hentry"],"_links":{"self":[{"href":"https:\/\/balint.fi\/index.php\/wp-json\/wp\/v2\/pages\/10","targetHints":{"allow":["GET"]}}],"collection":[{"href":"https:\/\/balint.fi\/index.php\/wp-json\/wp\/v2\/pages"}],"about":[{"href":"https:\/\/balint.fi\/index.php\/wp-json\/wp\/v2\/types\/page"}],"author":[{"embeddable":true,"href":"https:\/\/balint.fi\/index.php\/wp-json\/wp\/v2\/users\/2"}],"replies":[{"embeddable":true,"href":"https:\/\/balint.fi\/index.php\/wp-json\/wp\/v2\/comments?post=10"}],"version-history":[{"count":5,"href":"https:\/\/balint.fi\/index.php\/wp-json\/wp\/v2\/pages\/10\/revisions"}],"predecessor-version":[{"id":72,"href":"https:\/\/balint.fi\/index.php\/wp-json\/wp\/v2\/pages\/10\/revisions\/72"}],"wp:attachment":[{"href":"https:\/\/balint.fi\/index.php\/wp-json\/wp\/v2\/media?parent=10"}],"curies":[{"name":"wp","href":"https:\/\/api.w.org\/{rel}","templated":true}]}}